re the prime factors of 33445438?
2, 13, 53, 1867
List the prime factors of 220993254.
2, 3, 43, 285521
What are the prime factors of 38708344?
2, 4838543
What are the prime factors of 2580033323?
7, 368576189
What are the prime factors of 73778882?
2, 193, 191137
List the prime factors of 103669264.
2, 17, 37, 10301
What are the prime factors of 144781920?
2, 3, 5, 29, 3467
What are the prime factors of 53037821?
173, 306577
List the prime factors of 621867884.
2, 11, 1284851
What are the prime factors of 50027550?
2, 3, 5, 333517
What are the prime factors of 182859325?
5, 11, 19, 79, 443
What are the prime factors of 63089278?
2, 7, 17, 31, 503
What are the prime factors of 382894030?
2, 5, 101, 379103
What are the prime factors of 5124193564?
2, 7, 183006913
What are the prime factors of 5655141418?
2, 19, 148819511
What are the prime factors of 5409609864?
2, 3, 31, 37, 41, 4793
List the prime factors of 279300373.
11, 25390943
List the prime factors of 59834653.
127, 471139
What are the prime factors of 95111755?
5, 19022351
What are the prime factors of 116171307?
3, 7, 277, 317
What are the prime factors of 150560730?
2, 3, 5, 1672897
List the prime factors of 11179840.
2, 5, 7, 23, 31
List the prime factors of 101011692.
2, 3, 8417641
List the prime factors of 807718191.
3, 7, 2791, 13781
What are the prime factors of 68797124?
2, 11, 1563571
What are the prime factors of 2734843112?
2, 271, 1261459
List the prime factors of 1634244301.
9283, 176047
What are the prime factors of 279616321?
279616321
What are the prime factors of 395901355?
5, 17, 383, 12161
What are the prime factors of 2684731761?
3, 163, 1830083
List the prime factors of 332225094.
2, 3, 53, 1044733
List the prime factors of 738505688.
2, 131, 704681
List the prime factors of 490473144.
2, 3, 7, 19, 271
What are the prime factors of 2709119790?
2, 3, 5, 13, 73, 97, 109
List the prime factors of 238925213.
2143, 111491
What are the prime factors of 727895613?
3, 17, 14272463
List the prime factors of 165959737.
19, 67, 130369
What are the prime factors of 64938862?
2, 31, 499, 2099
What are the prime factors of 27647807?
11, 997, 2521
What are the prime factors of 5204093820?
2, 3, 5, 59, 109, 13487
List the prime factors of 42705830.
2, 5, 101, 42283
List the prime factors of 322622605.
5, 64524521
What are the prime factors of 67261132?
2, 16815283
List the prime factors of 49206573.
3, 13, 420569
What are the prime factors of 845636726?
2, 11, 41, 877, 1069
What are the prime factors of 2513820064?
2, 7, 269, 41719
List the prime factors of 2944504234.
2, 7, 197, 701, 1523
What are the prime factors of 2322389705?
5, 464477941
List the prime factors of 307649653.
19, 16192087
What are the prime factors of 6668379667?
1399, 4766533
List the prime factors of 7535953.
7535953
List the prime factors of 38653250.
2, 5, 154613
List the prime factors of 8797061141.
11, 3389, 235979
What are the prime factors of 2801279663?
7, 13, 4127, 7459
List the prime factors of 29215951.
499, 58549
List the prime factors of 95257923.
3, 31752641
List the prime factors of 178591708.
2, 44647927
List the prime factors of 119242686.
2, 3, 53, 374977
What are the prime factors of 1621109121?
3, 1777, 304091
List the prime factors of 431956678.
2, 19, 53, 139, 1543
List the prime factors of 277186299.
3, 13, 43, 165287
List the prime factors of 1529916381.
3, 7, 131, 197, 941
List the prime factors of 49937643.
3, 7, 19, 41719
What are the prime factors of 54564509?
17, 47, 1453
List the prime factors of 37286965.
5, 383, 19471
List the prime factors of 32829526.
2, 107, 153409
List the prime factors of 2701097730.
2, 3, 5, 71, 422707
List the prime factors of 88131583.
7283, 12101
List the prime factors of 1870372326.
2, 3, 307, 1015403
What are the prime factors of 840644966?
2, 7, 60046069
List the prime factors of 1962585536.
2, 17, 223, 8089
What are the prime factors of 6591003321?
3, 7, 43, 971, 7517
What are the prime factors of 1032780455?
5, 7, 29508013
What are the prime factors of 2768013973?
491, 733, 7691
List the prime factors of 952767607.
11, 86615237
What are the prime factors of 40724860?
2, 5, 11, 17, 10889
What are the prime factors of 1663037742?
2, 3, 37, 7491161
What are the prime factors of 63179434?
2, 83, 107, 3557
What are the prime factors of 78367288?
2, 137, 71503
List the prime factors of 797176375.
5, 6377411
What are the prime factors of 1781341559?
23, 29, 2670677
List the prime factors of 63098240.
2, 5, 19, 5189
What are the prime factors of 36381584?
2, 23, 109, 907
List the prime factors of 7274100205.
5, 1213, 1199357
List the prime factors of 19067585.
5, 3813517
List the prime factors of 916946800.
2, 5, 7, 11, 4253
List the prime factors of 1891446704.
2, 7, 107, 157831
What are the prime factors of 318895846?
2, 47, 3392509
List the prime factors of 653396758.
2, 7, 379, 123143
What are the prime factors of 43439726?
2, 11, 17, 10559
List the prime factors of 1143414589.
37, 179, 172643
What are the prime factors of 787054183?
787054183
What are the prime factors of 1439755541?
7, 23, 43, 207967
What are the prime factors of 73010217?
3, 7, 19, 41, 4463
What are the prime factors of 102974895?
3, 5, 43, 73
What are the prime factors of 428009177?
127, 3370151
What are the prime factors of 147299550?
2, 3, 5, 257, 3821
What are the prime factors of 43969770?
2, 3, 5, 13, 12527
List the prime factors of 525155840.
2, 5, 11, 17, 1097
What are the prime factors of 641075637?
3, 19, 11246941
What are the prime factors of 3986345038?
2, 13, 197, 659, 1181
What are the prime factors of 447937408?
2, 3499511
What are the prime factors of 1774465399?
7, 983, 257879
List the prime factors of 227841118.
2, 113920559
List the prime factors of 80466051.
3, 26822017
List the prime factors of 493262462.
2, 7, 11, 23, 47, 2963
What are the prime factors of 81680721?
3, 59, 541, 853
What are the prime factors of 1148389937?
29, 73, 542461
What are the prime factors of 438216971?
281, 1559491
What are the prime factors of 8257328?
2, 569, 907
List the prime factors of 18168823.
18168823
What are the prime factors of 157117744?
2, 7, 197, 7121
List the prime factors of 579800778.
2, 3, 283, 341461
What are the prime factors of 38614345?
5, 7, 11, 100297
What are the prime factors of 3290125362?
2, 3, 17, 32256131
List the prime factors of 2312858822.
2, 1156429411
What are the prime factors of 1680287702?
2, 2129, 394619
What are the prime factors of 3302587825?
5, 23, 163, 167, 211
List the prime factors of 3201203554.
2, 71, 3677, 6131
List the prime factors of 1557747126.
2, 3, 13, 246557
What are the prime factors of 2956280576?
2, 61, 189311
What are the prime factors of 191842821?
3, 1181, 18049
List the prime factors of 201211272.
2, 3, 41, 68161
List the prime factors of 32462970.
2, 3, 5, 1082099
List the prime factors of 104444712.
2, 3, 41, 35381
List the prime factors of 405598451.
31, 2903, 4507
List the prime factors of 310117874.
2, 11, 101, 233, 599
What are the prime factors of 1262070792?
2, 3, 383, 45767
What are the prime factors of 136586327?
136586327
What are the prime factors of 1278414467?
11, 17, 43, 173, 919
List the prime factors of 589442706.
2, 3, 5179, 6323
What are the prime factors of 213695349?
3, 7, 10175969
List the prime factors of 85595412.
2, 3, 7, 1018993
List the prime factors of 133133116.
2, 2719, 12241
What are the prime factors of 2786315544?
2, 3, 61, 211469
What are the prime factors of 4564169174?
2, 23, 99221069
List the prime factors of 1530255132.
2, 3, 7, 2024147
What are the prime factors of 49283416?
2, 7, 13, 19, 509
What are the prime factors of 180745360?
2, 5, 17, 347, 383
What are the prime factors of 70508171?
1823, 38677
List the prime factors of 1819199054.
2, 37, 127, 193573
What are the prime factors of 52200018?
2, 3, 13, 23, 53, 61
List the prime factors of 266177743.
13, 709, 28879
What are the prime factors of 2180522990?
2, 5, 223, 977813
What are the prime factors of 8460545244?
2, 3, 17, 41473261
What are the prime factors of 667505924?
2, 1181, 141301
What are the prime factors of 10018184?
2, 11, 113843
List the prime factors of 23006715.
3, 5, 29, 52889
List the prime factors of 429508